{"id":13900,"date":"2023-02-14T08:35:47","date_gmt":"2023-02-14T06:35:47","guid":{"rendered":"https:\/\/ifvcns.rs\/smart-sun\/?page_id=13900"},"modified":"2023-02-14T08:38:24","modified_gmt":"2023-02-14T06:38:24","slug":"predstavljanje-proiyvodjacima-u-sapcu","status":"publish","type":"page","link":"https:\/\/ifvcns.rs\/smart-sun\/smartsun\/predstavljanje-proiyvodjacima-u-sapcu\/","title":{"rendered":"Predstavljanje proiyvodja\u010dima u \u0160apcu"},"content":{"rendered":"<p>U ponedeljak 13.02.2023 iskori\u0161\u0107ena je prilika da Institut za ratarstvo i povrtarstvo odr\u017ei predavanje i promociju svojih hibrida i sorti pred poljoprivrednim proizvodja\u010dica Ma\u010dvanskog okruga. Predavanje je odr\u017eano na u prostorijama Visoke poljoprivredne \u0161kole strukovnih studija u \u0160apcu, a me\u0111u proizvo\u0111a\u010dima su se na\u0161li predstavnici PSSS \u0160abac, kao i vlasnici poljoprivrednih apoteka iz ovog okruga. U sklopu predavanja \u010dlan projektnog tima Nemanja \u0106uk je odr\u017eao predavanje \u010dime je predstavio Smart SUN projekat gostima, kako bi upoznao proizvo\u0111a\u010de aktivnostima ovog projektnog tima.<\/p>\n<p><a href=\"https:\/\/ifvcns.rs\/smart-sun\/wp-content\/uploads\/2023\/02\/viber_image_2023-02-13_14-08-19-861.jpg\"><img decoding=\"async\" class=\"lazyload alignnone size-medium wp-image-13901\" src=\"https:\/\/ifvcns.rs\/smart-sun\/wp-content\/uploads\/2023\/02\/viber_image_2023-02-13_14-08-19-861-300x169.jpg\" data-orig-src=\"https:\/\/ifvcns.rs\/smart-sun\/wp-content\/uploads\/2023\/02\/viber_image_2023-02-13_14-08-19-861-300x169.jpg\" alt=\"\" width=\"300\" height=\"169\" srcset=\"data:image\/svg+xml,%3Csvg%20xmlns%3D%27http%3A%2F%2Fwww.w3.org%2F2000%2Fsvg%27%20width%3D%27300%27%20height%3D%27169%27%20viewBox%3D%270%200%20300%20169%27%3E%3Crect%20width%3D%27300%27%20height%3D%27169%27%20fill-opacity%3D%220%22%2F%3E%3C%2Fsvg%3E\" data-srcset=\"https:\/\/ifvcns.rs\/smart-sun\/wp-content\/uploads\/2023\/02\/viber_image_2023-02-13_14-08-19-861-200x113.jpg 200w, https:\/\/ifvcns.rs\/smart-sun\/wp-content\/uploads\/2023\/02\/viber_image_2023-02-13_14-08-19-861-300x169.jpg 300w, https:\/\/ifvcns.rs\/smart-sun\/wp-content\/uploads\/2023\/02\/viber_image_2023-02-13_14-08-19-861-400x225.jpg 400w, https:\/\/ifvcns.rs\/smart-sun\/wp-content\/uploads\/2023\/02\/viber_image_2023-02-13_14-08-19-861-600x338.jpg 600w, https:\/\/ifvcns.rs\/smart-sun\/wp-content\/uploads\/2023\/02\/viber_image_2023-02-13_14-08-19-861-768x432.jpg 768w, https:\/\/ifvcns.rs\/smart-sun\/wp-content\/uploads\/2023\/02\/viber_image_2023-02-13_14-08-19-861-800x451.jpg 800w, https:\/\/ifvcns.rs\/smart-sun\/wp-content\/uploads\/2023\/02\/viber_image_2023-02-13_14-08-19-861-1024x577.jpg 1024w, https:\/\/ifvcns.rs\/smart-sun\/wp-content\/uploads\/2023\/02\/viber_image_2023-02-13_14-08-19-861-1200x676.jpg 1200w, https:\/\/ifvcns.rs\/smart-sun\/wp-content\/uploads\/2023\/02\/viber_image_2023-02-13_14-08-19-861-1536x865.jpg 1536w, https:\/\/ifvcns.rs\/smart-sun\/wp-content\/uploads\/2023\/02\/viber_image_2023-02-13_14-08-19-861.jpg 1600w\" data-sizes=\"auto\" data-orig-sizes=\"(max-width: 300px) 100vw, 300px\" \/><\/a> <a href=\"https:\/\/ifvcns.rs\/smart-sun\/wp-content\/uploads\/2023\/02\/viber_image_2023-02-13_14-22-00-453.jpg\"><img decoding=\"async\" class=\"lazyload alignnone size-medium wp-image-13902\" src=\"https:\/\/ifvcns.rs\/smart-sun\/wp-content\/uploads\/2023\/02\/viber_image_2023-02-13_14-22-00-453-300x169.jpg\" data-orig-src=\"https:\/\/ifvcns.rs\/smart-sun\/wp-content\/uploads\/2023\/02\/viber_image_2023-02-13_14-22-00-453-300x169.jpg\" alt=\"\" width=\"300\" height=\"169\" srcset=\"data:image\/svg+xml,%3Csvg%20xmlns%3D%27http%3A%2F%2Fwww.w3.org%2F2000%2Fsvg%27%20width%3D%27300%27%20height%3D%27169%27%20viewBox%3D%270%200%20300%20169%27%3E%3Crect%20width%3D%27300%27%20height%3D%27169%27%20fill-opacity%3D%220%22%2F%3E%3C%2Fsvg%3E\" data-srcset=\"https:\/\/ifvcns.rs\/smart-sun\/wp-content\/uploads\/2023\/02\/viber_image_2023-02-13_14-22-00-453-200x113.jpg 200w, https:\/\/ifvcns.rs\/smart-sun\/wp-content\/uploads\/2023\/02\/viber_image_2023-02-13_14-22-00-453-300x169.jpg 300w, https:\/\/ifvcns.rs\/smart-sun\/wp-content\/uploads\/2023\/02\/viber_image_2023-02-13_14-22-00-453-400x225.jpg 400w, https:\/\/ifvcns.rs\/smart-sun\/wp-content\/uploads\/2023\/02\/viber_image_2023-02-13_14-22-00-453-600x338.jpg 600w, https:\/\/ifvcns.rs\/smart-sun\/wp-content\/uploads\/2023\/02\/viber_image_2023-02-13_14-22-00-453-768x432.jpg 768w, https:\/\/ifvcns.rs\/smart-sun\/wp-content\/uploads\/2023\/02\/viber_image_2023-02-13_14-22-00-453-800x451.jpg 800w, https:\/\/ifvcns.rs\/smart-sun\/wp-content\/uploads\/2023\/02\/viber_image_2023-02-13_14-22-00-453-1024x577.jpg 1024w, https:\/\/ifvcns.rs\/smart-sun\/wp-content\/uploads\/2023\/02\/viber_image_2023-02-13_14-22-00-453-1200x676.jpg 1200w, https:\/\/ifvcns.rs\/smart-sun\/wp-content\/uploads\/2023\/02\/viber_image_2023-02-13_14-22-00-453-1536x865.jpg 1536w, https:\/\/ifvcns.rs\/smart-sun\/wp-content\/uploads\/2023\/02\/viber_image_2023-02-13_14-22-00-453.jpg 1600w\" data-sizes=\"auto\" data-orig-sizes=\"(max-width: 300px) 100vw, 300px\" \/><\/a> <a href=\"https:\/\/ifvcns.rs\/smart-sun\/wp-content\/uploads\/2023\/02\/2023-02-13-12-17-40-scaled.jpg\"><img decoding=\"async\" class=\"lazyload alignnone size-medium wp-image-13903\" src=\"https:\/\/ifvcns.rs\/smart-sun\/wp-content\/uploads\/2023\/02\/2023-02-13-12-17-40-300x169.jpg\" data-orig-src=\"https:\/\/ifvcns.rs\/smart-sun\/wp-content\/uploads\/2023\/02\/2023-02-13-12-17-40-300x169.jpg\" alt=\"\" width=\"300\" height=\"169\" srcset=\"data:image\/svg+xml,%3Csvg%20xmlns%3D%27http%3A%2F%2Fwww.w3.org%2F2000%2Fsvg%27%20width%3D%27300%27%20height%3D%27169%27%20viewBox%3D%270%200%20300%20169%27%3E%3Crect%20width%3D%27300%27%20height%3D%27169%27%20fill-opacity%3D%220%22%2F%3E%3C%2Fsvg%3E\" data-srcset=\"https:\/\/ifvcns.rs\/smart-sun\/wp-content\/uploads\/2023\/02\/2023-02-13-12-17-40-200x113.jpg 200w, https:\/\/ifvcns.rs\/smart-sun\/wp-content\/uploads\/2023\/02\/2023-02-13-12-17-40-300x169.jpg 300w, https:\/\/ifvcns.rs\/smart-sun\/wp-content\/uploads\/2023\/02\/2023-02-13-12-17-40-400x225.jpg 400w, https:\/\/ifvcns.rs\/smart-sun\/wp-content\/uploads\/2023\/02\/2023-02-13-12-17-40-600x338.jpg 600w, https:\/\/ifvcns.rs\/smart-sun\/wp-content\/uploads\/2023\/02\/2023-02-13-12-17-40-768x432.jpg 768w, https:\/\/ifvcns.rs\/smart-sun\/wp-content\/uploads\/2023\/02\/2023-02-13-12-17-40-800x450.jpg 800w, https:\/\/ifvcns.rs\/smart-sun\/wp-content\/uploads\/2023\/02\/2023-02-13-12-17-40-1024x576.jpg 1024w, https:\/\/ifvcns.rs\/smart-sun\/wp-content\/uploads\/2023\/02\/2023-02-13-12-17-40-1200x675.jpg 1200w, https:\/\/ifvcns.rs\/smart-sun\/wp-content\/uploads\/2023\/02\/2023-02-13-12-17-40-1536x864.jpg 1536w\" data-sizes=\"auto\" data-orig-sizes=\"(max-width: 300px) 100vw, 300px\" \/><\/a>.<\/p>\n","protected":false},"excerpt":{"rendered":"<p>U ponedeljak 13.02.2023 iskori\u0161\u0107ena je prilika da Institut za ratarstvo i povrtarstvo odr\u017ei predavanje i promociju svojih hibrida i sorti pred poljoprivrednim proizvodja\u010dica Ma\u010dvanskog okruga. Predavanje je odr\u017eano na u prostorijama Visoke poljoprivredne \u0161kole strukovnih studija u \u0160apcu, a me\u0111u proizvo\u0111a\u010dima su se na\u0161li predstavnici PSSS \u0160abac, kao i vlasnici  [&#8230;]<\/p>\n","protected":false},"author":6,"featured_media":13901,"parent":12574,"menu_order":0,"comment_status":"closed","ping_status":"closed","template":"","meta":{"footnotes":""},"class_list":["post-13900","page","type-page","status-publish","has-post-thumbnail","hentry"],"_links":{"self":[{"href":"https:\/\/ifvcns.rs\/smart-sun\/wp-json\/wp\/v2\/pages\/13900","targetHints":{"allow":["GET"]}}],"collection":[{"href":"https:\/\/ifvcns.rs\/smart-sun\/wp-json\/wp\/v2\/pages"}],"about":[{"href":"https:\/\/ifvcns.rs\/smart-sun\/wp-json\/wp\/v2\/types\/page"}],"author":[{"embeddable":true,"href":"https:\/\/ifvcns.rs\/smart-sun\/wp-json\/wp\/v2\/users\/6"}],"replies":[{"embeddable":true,"href":"https:\/\/ifvcns.rs\/smart-sun\/wp-json\/wp\/v2\/comments?post=13900"}],"version-history":[{"count":1,"href":"https:\/\/ifvcns.rs\/smart-sun\/wp-json\/wp\/v2\/pages\/13900\/revisions"}],"predecessor-version":[{"id":13904,"href":"https:\/\/ifvcns.rs\/smart-sun\/wp-json\/wp\/v2\/pages\/13900\/revisions\/13904"}],"up":[{"embeddable":true,"href":"https:\/\/ifvcns.rs\/smart-sun\/wp-json\/wp\/v2\/pages\/12574"}],"wp:featuredmedia":[{"embeddable":true,"href":"https:\/\/ifvcns.rs\/smart-sun\/wp-json\/wp\/v2\/media\/13901"}],"wp:attachment":[{"href":"https:\/\/ifvcns.rs\/smart-sun\/wp-json\/wp\/v2\/media?parent=13900"}],"curies":[{"name":"wp","href":"https:\/\/api.w.org\/{rel}","templated":true}]}}