{"id":10787,"date":"2021-06-13T12:23:20","date_gmt":"2021-06-13T10:23:20","guid":{"rendered":"https:\/\/ifvcns.rs\/?page_id=10787"},"modified":"2024-10-24T19:34:41","modified_gmt":"2024-10-24T17:34:41","slug":"o-centru","status":"publish","type":"page","link":"https:\/\/ifvcns.rs\/climate-crops\/centar-izuzetnih-vrednosti-climate-crops\/o-centru\/","title":{"rendered":"O centru"},"content":{"rendered":"<p><div class=\"fusion-fullwidth fullwidth-box fusion-builder-row-1 fusion-flex-container hundred-percent-fullwidth non-hundred-percent-height-scrolling\" style=\"--awb-border-radius-top-left:0px;--awb-border-radius-top-right:0px;--awb-border-radius-bottom-right:0px;--awb-border-radius-bottom-left:0px;--awb-flex-wrap:wrap;\" ><div class=\"fusion-builder-row fusion-row fusion-flex-align-items-flex-start fusion-flex-content-wrap\" style=\"width:104% !important;max-width:104% !important;margin-left: calc(-4% \/ 2 );margin-right: calc(-4% \/ 2 );\"><div class=\"fusion-layout-column fusion_builder_column fusion-builder-column-0 fusion_builder_column_1_1 1_1 fusion-flex-column\" style=\"--awb-bg-size:cover;--awb-width-large:100%;--awb-margin-top-large:0px;--awb-spacing-right-large:1.92%;--awb-margin-bottom-large:20px;--awb-spacing-left-large:1.92%;--awb-width-medium:100%;--awb-order-medium:0;--awb-spacing-right-medium:1.92%;--awb-spacing-left-medium:1.92%;--awb-width-small:100%;--awb-order-small:0;--awb-spacing-right-small:1.92%;--awb-spacing-left-small:1.92%;\"><div class=\"fusion-column-wrapper fusion-column-has-shadow fusion-flex-justify-content-flex-start fusion-content-layout-column\"><div class=\"fusion-title title fusion-title-1 fusion-sep-none fusion-title-center fusion-title-text fusion-title-size-one\" style=\"--awb-text-color:var(--awb-custom12);\"><h1 class=\"fusion-title-heading title-heading-center\" style=\"margin:0;\"><h1 class=\"fusion-responsive-typography-calculated\" style=\"text-align: center;\" data-fontsize=\"34\" data-lineheight=\"47.94px\"><strong>Centar izuzetnih vrednosti za inovacije u oplemenjivanju biljaka<\/strong><br \/>\n<strong>tolerantnih na promene klime<\/strong><\/h1><\/h1><\/div><div class=\"fusion-image-carousel fusion-image-carousel-auto fusion-image-carousel-1 fusion-carousel-border\"><div class=\"awb-carousel awb-swiper awb-swiper-carousel\" data-autoplay=\"no\" data-columns=\"1\" data-itemmargin=\"13\" data-itemwidth=\"180\" data-touchscroll=\"no\" data-imagesize=\"auto\" style=\"--awb-columns:1;--awb-caption-title-color:#262626;--awb-caption-overlay-color:rgba(139,158,181,0.14);\"><div class=\"swiper-wrapper awb-image-carousel-wrapper fusion-flex-align-items-center\"><div class=\"swiper-slide\"><div class=\"fusion-carousel-item-wrapper\"><div class=\"fusion-image-wrapper hover-type-none\"><img decoding=\"async\" width=\"1920\" height=\"600\" src=\"https:\/\/ifvcns.rs\/climate-crops\/wp-content\/uploads\/2022\/06\/climate-cover.jpg\" class=\"attachment-full size-full lazyload\" alt=\"\" srcset=\"data:image\/svg+xml,%3Csvg%20xmlns%3D%27http%3A%2F%2Fwww.w3.org%2F2000%2Fsvg%27%20width%3D%271920%27%20height%3D%27600%27%20viewBox%3D%270%200%201920%20600%27%3E%3Crect%20width%3D%271920%27%20height%3D%27600%27%20fill-opacity%3D%220%22%2F%3E%3C%2Fsvg%3E\" data-orig-src=\"https:\/\/ifvcns.rs\/climate-crops\/wp-content\/uploads\/2022\/06\/climate-cover.jpg\" data-srcset=\"https:\/\/ifvcns.rs\/climate-crops\/wp-content\/uploads\/2022\/06\/climate-cover-200x63.jpg 200w, https:\/\/ifvcns.rs\/climate-crops\/wp-content\/uploads\/2022\/06\/climate-cover-300x94.jpg 300w, https:\/\/ifvcns.rs\/climate-crops\/wp-content\/uploads\/2022\/06\/climate-cover-400x125.jpg 400w, https:\/\/ifvcns.rs\/climate-crops\/wp-content\/uploads\/2022\/06\/climate-cover-600x188.jpg 600w, https:\/\/ifvcns.rs\/climate-crops\/wp-content\/uploads\/2022\/06\/climate-cover-768x240.jpg 768w, https:\/\/ifvcns.rs\/climate-crops\/wp-content\/uploads\/2022\/06\/climate-cover-800x250.jpg 800w, https:\/\/ifvcns.rs\/climate-crops\/wp-content\/uploads\/2022\/06\/climate-cover-1024x320.jpg 1024w, https:\/\/ifvcns.rs\/climate-crops\/wp-content\/uploads\/2022\/06\/climate-cover-1200x375.jpg 1200w, https:\/\/ifvcns.rs\/climate-crops\/wp-content\/uploads\/2022\/06\/climate-cover-1536x480.jpg 1536w, https:\/\/ifvcns.rs\/climate-crops\/wp-content\/uploads\/2022\/06\/climate-cover.jpg 1920w\" data-sizes=\"auto\" \/><\/div><\/div><\/div><\/div><div class=\"awb-swiper-button awb-swiper-button-prev\"><i class=\"awb-icon-angle-left\" aria-hidden=\"true\"><\/i><\/div><div class=\"awb-swiper-button awb-swiper-button-next\"><i class=\"awb-icon-angle-right\" aria-hidden=\"true\"><\/i><\/div><\/div><\/div><\/div><\/div><\/div><\/div><div class=\"fusion-fullwidth fullwidth-box fusion-builder-row-2 fusion-flex-container nonhundred-percent-fullwidth non-hundred-percent-height-scrolling\" style=\"--awb-border-radius-top-left:0px;--awb-border-radius-top-right:0px;--awb-border-radius-bottom-right:0px;--awb-border-radius-bottom-left:0px;--awb-flex-wrap:wrap;\" ><div class=\"fusion-builder-row fusion-row fusion-flex-align-items-flex-start fusion-flex-content-wrap\" style=\"max-width:1352px;margin-left: calc(-4% \/ 2 );margin-right: calc(-4% \/ 2 );\"><div class=\"fusion-layout-column fusion_builder_column fusion-builder-column-1 fusion_builder_column_1_1 1_1 fusion-flex-column\" style=\"--awb-bg-size:cover;--awb-width-large:100%;--awb-margin-top-large:0px;--awb-spacing-right-large:1.92%;--awb-margin-bottom-large:20px;--awb-spacing-left-large:1.92%;--awb-width-medium:100%;--awb-order-medium:0;--awb-spacing-right-medium:1.92%;--awb-spacing-left-medium:1.92%;--awb-width-small:100%;--awb-order-small:0;--awb-spacing-right-small:1.92%;--awb-spacing-left-small:1.92%;\"><div class=\"fusion-column-wrapper fusion-column-has-shadow fusion-flex-justify-content-flex-start fusion-content-layout-column\"><div class=\"fusion-title title fusion-title-2 fusion-title-center fusion-title-text fusion-title-size-one\" style=\"--awb-text-color:var(--awb-custom13);--awb-font-size:26px;\"><div class=\"title-sep-container title-sep-container-left\"><div class=\"title-sep sep-single sep-dotted\" style=\"border-color:#e0dede;\"><\/div><\/div><span class=\"awb-title-spacer\"><\/span><h1 class=\"fusion-title-heading title-heading-center\" style=\"margin:0;font-size:1em;\"><p style=\"text-align: center;\">O CENTRU<\/p><\/h1><span class=\"awb-title-spacer\"><\/span><div class=\"title-sep-container title-sep-container-right\"><div class=\"title-sep sep-single sep-dotted\" style=\"border-color:#e0dede;\"><\/div><\/div><\/div><\/div><\/div><\/div><\/div><div class=\"fusion-fullwidth fullwidth-box fusion-builder-row-3 fusion-flex-container has-pattern-background has-mask-background nonhundred-percent-fullwidth non-hundred-percent-height-scrolling\" style=\"--awb-border-radius-top-left:0px;--awb-border-radius-top-right:0px;--awb-border-radius-bottom-right:0px;--awb-border-radius-bottom-left:0px;--awb-padding-top:37px;--awb-padding-bottom:4px;--awb-margin-top:0px;--awb-margin-bottom:0px;--awb-flex-wrap:wrap;\" ><div class=\"awb-background-pattern\" style=\"background-image:  url(data:image\/svg+xml;utf8,%3Csvg%20width%3D%22120%22%20height%3D%22120%22%20fill%3D%22none%22%20xmlns%3D%22http%3A%2F%2Fwww.w3.org%2F2000%2Fsvg%22%3E%3Cpath%20fill-rule%3D%22evenodd%22%20clip-rule%3D%22evenodd%22%20d%3D%22M1.488%2030c0%2015.747%2012.765%2028.512%2028.512%2028.512S58.512%2045.747%2058.512%2030%2045.747%201.488%2030%201.488%201.488%2014.253%201.488%2030zM30%2060C13.431%2060%200%2046.569%200%2030%200%2013.431%2013.431%200%2030%200c16.569%200%2030%2013.431%2030%2030%200%2016.569-13.431%2030-30%2030z%22%20fill%3D%22rgba%28160%2C206%2C78%2C1%29%22%2F%3E%3Cpath%20fill-rule%3D%22evenodd%22%20clip-rule%3D%22evenodd%22%20d%3D%22M11.47%2030c0%2010.234%208.296%2018.53%2018.53%2018.53%2010.234%200%2018.53-8.296%2018.53-18.53%200-10.234-8.296-18.53-18.53-18.53-10.234%200-18.53%208.296-18.53%2018.53zM30%2050c-11.046%200-20-8.954-20-20s8.954-20%2020-20%2020%208.954%2020%2020-8.954%2020-20%2020zM1.488%2090c0%2015.747%2012.765%2028.512%2028.512%2028.512S58.512%20105.747%2058.512%2090%2045.747%2061.488%2030%2061.488%201.488%2074.253%201.488%2090zM30%20120c-16.569%200-30-13.431-30-30%200-16.569%2013.431-30%2030-30%2016.569%200%2030%2013.431%2030%2030%200%2016.569-13.431%2030-30%2030z%22%20fill%3D%22rgba%28160%2C206%2C78%2C1%29%22%2F%3E%3Cpath%20fill-rule%3D%22evenodd%22%20clip-rule%3D%22evenodd%22%20d%3D%22M11.47%2090c0%2010.234%208.296%2018.531%2018.53%2018.531%2010.234%200%2018.53-8.297%2018.53-18.531%200-10.234-8.296-18.53-18.53-18.53-10.234%200-18.53%208.296-18.53%2018.53zM30%20110c-11.046%200-20-8.954-20-20s8.954-20%2020-20%2020%208.954%2020%2020-8.954%2020-20%2020zM61.488%2030c0%2015.747%2012.765%2028.512%2028.512%2028.512S118.512%2045.747%20118.512%2030%20105.747%201.488%2090%201.488%2061.488%2014.253%2061.488%2030zM90%2060c-16.569%200-30-13.431-30-30C60%2013.431%2073.431%200%2090%200c16.569%200%2030%2013.431%2030%2030%200%2016.569-13.431%2030-30%2030z%22%20fill%3D%22rgba%28160%2C206%2C78%2C1%29%22%2F%3E%3Cpath%20fill-rule%3D%22evenodd%22%20clip-rule%3D%22evenodd%22%20d%3D%22M71.47%2030c0%2010.234%208.296%2018.53%2018.53%2018.53%2010.234%200%2018.531-8.296%2018.531-18.53%200-10.234-8.297-18.53-18.531-18.53-10.234%200-18.53%208.296-18.53%2018.53zM90%2050c-11.046%200-20-8.954-20-20s8.954-20%2020-20%2020%208.954%2020%2020-8.954%2020-20%2020zM61.488%2090c0%2015.747%2012.765%2028.512%2028.512%2028.512S118.512%20105.747%20118.512%2090%20105.747%2061.488%2090%2061.488%2061.488%2074.253%2061.488%2090zM90%20120c-16.569%200-30-13.431-30-30%200-16.569%2013.431-30%2030-30%2016.569%200%2030%2013.431%2030%2030%200%2016.569-13.431%2030-30%2030z%22%20fill%3D%22rgba%28160%2C206%2C78%2C1%29%22%2F%3E%3Cpath%20fill-rule%3D%22evenodd%22%20clip-rule%3D%22evenodd%22%20d%3D%22M71.47%2090c0%2010.234%208.296%2018.531%2018.53%2018.531%2010.234%200%2018.531-8.297%2018.531-18.531%200-10.234-8.297-18.53-18.531-18.53-10.234%200-18.53%208.296-18.53%2018.53zM90%20110c-11.046%200-20-8.954-20-20s8.954-20%2020-20%2020%208.954%2020%2020-8.954%2020-20%2020z%22%20fill%3D%22rgba%28160%2C206%2C78%2C1%29%22%2F%3E%3C%2Fsvg%3E);opacity: 0.12 ;mix-blend-mode:normal;\"><\/div><div class=\"fusion-builder-row fusion-row fusion-flex-align-items-center fusion-flex-justify-content-center fusion-flex-content-wrap\" style=\"max-width:1352px;margin-left: calc(-4% \/ 2 );margin-right: calc(-4% \/ 2 );\"><div class=\"fusion-layout-column fusion_builder_column fusion-builder-column-2 fusion_builder_column_3_4 3_4 fusion-flex-column\" style=\"--awb-bg-size:cover;--awb-width-large:75%;--awb-margin-top-large:0px;--awb-spacing-right-large:2.56%;--awb-margin-bottom-large:20px;--awb-spacing-left-large:2.56%;--awb-width-medium:100%;--awb-order-medium:0;--awb-spacing-right-medium:1.92%;--awb-spacing-left-medium:1.92%;--awb-width-small:100%;--awb-order-small:0;--awb-spacing-right-small:1.92%;--awb-spacing-left-small:1.92%;\"><div class=\"fusion-column-wrapper fusion-column-has-shadow fusion-flex-justify-content-flex-start fusion-content-layout-column\"><div class=\"fusion-text fusion-text-1\"><p align=\"justify\"><b><span style=\"color: var(--awb-custom12);\">Osnovni cilj istra\u017eivanja koja se realizuju u okviru Centra izuzetnih vrednosti za inovacije u oplemenjivanju biljaka tolerantnih na promene klime je stvaranje novih genotipova ratarskih biljaka sa tolerantno\u0161\u0107u na stresne uslove prouzrokovane klimatskim promenama kroz realizaciju osnovnih i primenjenih istra\u017eivanja iz oblasti Biotehni\u010dkih nauka. <\/span><\/b><\/p>\n<p align=\"justify\"><b><span style=\"color: var(--awb-custom12);\">Kako bi odgovorio na potrebe i zahteve krajnjih korisnika i obezbedio efikasan transfer tehnologije, Centar u svom radu koristi interdisciplinarni pristup i iskustva istra\u017eiva\u010da koji rade u razli\u010ditim oblastima i na razli\u010ditim biljnim vrstama. Pored toga, Centar kroz realizaciju doma\u0107ih i me\u0111unarodnih projekata sa partnerima iz nauke i privrede dodatno promovi\u0161e interakciju sa potencijalnim korisnicima tehnologija, ali i sa \u0161irom nau\u010dnom i dru\u0161tvenom zajednicom.<\/span><\/b><\/p>\n<\/div><\/div><\/div><\/div><\/div><div class=\"fusion-fullwidth fullwidth-box fusion-builder-row-4 fusion-flex-container nonhundred-percent-fullwidth non-hundred-percent-height-scrolling\" style=\"--awb-border-radius-top-left:0px;--awb-border-radius-top-right:0px;--awb-border-radius-bottom-right:0px;--awb-border-radius-bottom-left:0px;--awb-flex-wrap:wrap;\" ><div class=\"fusion-builder-row fusion-row fusion-flex-align-items-flex-start fusion-flex-content-wrap\" style=\"max-width:1352px;margin-left: calc(-4% \/ 2 );margin-right: calc(-4% \/ 2 );\"><div class=\"fusion-layout-column fusion_builder_column fusion-builder-column-3 fusion_builder_column_1_1 1_1 fusion-flex-column\" style=\"--awb-bg-size:cover;--awb-width-large:100%;--awb-margin-top-large:0px;--awb-spacing-right-large:1.92%;--awb-margin-bottom-large:20px;--awb-spacing-left-large:1.92%;--awb-width-medium:100%;--awb-order-medium:0;--awb-spacing-right-medium:1.92%;--awb-spacing-left-medium:1.92%;--awb-width-small:100%;--awb-order-small:0;--awb-spacing-right-small:1.92%;--awb-spacing-left-small:1.92%;\"><div class=\"fusion-column-wrapper fusion-column-has-shadow fusion-flex-justify-content-flex-start fusion-content-layout-column\"><div class=\"fusion-separator fusion-full-width-sep\" style=\"align-self: center;margin-left: auto;margin-right: auto;margin-top:50px;width:100%;\"><div class=\"fusion-separator-border sep-single sep-dotted\" style=\"--awb-height:20px;--awb-amount:20px;--awb-sep-color:var(--awb-custom13);border-color:var(--awb-custom13);border-top-width:1px;\"><\/div><\/div><\/div><\/div><\/div><\/div><div class=\"fusion-fullwidth fullwidth-box fusion-builder-row-5 fusion-flex-container nonhundred-percent-fullwidth non-hundred-percent-height-scrolling\" style=\"--awb-border-radius-top-left:0px;--awb-border-radius-top-right:0px;--awb-border-radius-bottom-right:0px;--awb-border-radius-bottom-left:0px;--awb-flex-wrap:wrap;\" ><div class=\"fusion-builder-row fusion-row fusion-flex-align-items-center fusion-flex-justify-content-space-evenly fusion-flex-content-wrap\" style=\"max-width:1352px;margin-left: calc(-4% \/ 2 );margin-right: calc(-4% \/ 2 );\"><div class=\"fusion-layout-column fusion_builder_column fusion-builder-column-4 fusion_builder_column_1_5 1_5 fusion-flex-column fusion-flex-align-self-stretch\" style=\"--awb-bg-size:cover;--awb-width-large:20%;--awb-margin-top-large:0px;--awb-spacing-right-large:9.6%;--awb-margin-bottom-large:20px;--awb-spacing-left-large:9.6%;--awb-width-medium:100%;--awb-order-medium:0;--awb-spacing-right-medium:1.92%;--awb-spacing-left-medium:1.92%;--awb-width-small:100%;--awb-order-small:0;--awb-spacing-right-small:1.92%;--awb-spacing-left-small:1.92%;\"><div class=\"fusion-column-wrapper fusion-column-has-shadow fusion-flex-justify-content-space-evenly fusion-content-layout-column\"><\/div><\/div><div class=\"fusion-layout-column fusion_builder_column fusion-builder-column-5 fusion_builder_column_1_5 1_5 fusion-flex-column fusion-flex-align-self-stretch\" style=\"--awb-bg-size:cover;--awb-width-large:20%;--awb-margin-top-large:0px;--awb-spacing-right-large:9.6%;--awb-margin-bottom-large:20px;--awb-spacing-left-large:9.6%;--awb-width-medium:100%;--awb-order-medium:0;--awb-spacing-right-medium:1.92%;--awb-spacing-left-medium:1.92%;--awb-width-small:100%;--awb-order-small:0;--awb-spacing-right-small:1.92%;--awb-spacing-left-small:1.92%;\"><div class=\"fusion-column-wrapper fusion-column-has-shadow fusion-flex-justify-content-space-evenly fusion-content-layout-column\"><a class=\"fb-icon-element-1 fb-icon-element fontawesome-icon fa-linkedin fab circle-no fusion-link\" style=\"--awb-iconcolor:#196cb5;--awb-iconcolor-hover:#5dbb49;--awb-font-size:40px;--awb-margin-top:0;--awb-margin-right:0;--awb-margin-bottom:0;--awb-margin-left:0;--awb-align-self:center;\" href=\"https:\/\/www.linkedin.com\/company\/climate-crops\/\" aria-label=\"Link to https:\/\/www.linkedin.com\/company\/climate-crops\/\" target=\"_self\"><\/a><\/div><\/div><div class=\"fusion-layout-column fusion_builder_column fusion-builder-column-6 fusion_builder_column_1_5 1_5 fusion-flex-column fusion-flex-align-self-stretch\" style=\"--awb-bg-size:cover;--awb-width-large:20%;--awb-margin-top-large:0px;--awb-spacing-right-large:9.6%;--awb-margin-bottom-large:20px;--awb-spacing-left-large:9.6%;--awb-width-medium:100%;--awb-order-medium:0;--awb-spacing-right-medium:1.92%;--awb-spacing-left-medium:1.92%;--awb-width-small:100%;--awb-order-small:0;--awb-spacing-right-small:1.92%;--awb-spacing-left-small:1.92%;\"><div class=\"fusion-column-wrapper fusion-column-has-shadow fusion-flex-justify-content-space-evenly fusion-content-layout-column\"><i class=\"fb-icon-element-2 fb-icon-element fontawesome-icon fa-researchgate fab circle-no\" style=\"--awb-iconcolor:#196cb5;--awb-iconcolor-hover:#5dbb49;--awb-font-size:40px;--awb-margin-top:0;--awb-margin-right:0;--awb-margin-bottom:0;--awb-margin-left:0;--awb-align-self:center;\"><\/i><\/div><\/div><div class=\"fusion-layout-column fusion_builder_column fusion-builder-column-7 fusion_builder_column_1_5 1_5 fusion-flex-column fusion-flex-align-self-stretch\" style=\"--awb-bg-size:cover;--awb-width-large:20%;--awb-margin-top-large:0px;--awb-spacing-right-large:9.6%;--awb-margin-bottom-large:20px;--awb-spacing-left-large:9.6%;--awb-width-medium:100%;--awb-order-medium:0;--awb-spacing-right-medium:1.92%;--awb-spacing-left-medium:1.92%;--awb-width-small:100%;--awb-order-small:0;--awb-spacing-right-small:1.92%;--awb-spacing-left-small:1.92%;\"><div class=\"fusion-column-wrapper fusion-column-has-shadow fusion-flex-justify-content-space-evenly fusion-content-layout-column\"><a class=\"fb-icon-element-3 fb-icon-element fontawesome-icon fa-envelope fas circle-no fusion-link\" style=\"--awb-iconcolor:#196cb5;--awb-iconcolor-hover:#5dbb49;--awb-font-size:40px;--awb-margin-top:0;--awb-margin-right:0;--awb-margin-bottom:0;--awb-margin-left:0;--awb-align-self:center;\" href=\"mailto:climatecrops@ifvcns.ns.ac.rs\" aria-label=\"Link to mailto:climatecrops@ifvcns.ns.ac.rs\" target=\"_self\"><\/a><\/div><\/div><div class=\"fusion-layout-column fusion_builder_column fusion-builder-column-8 fusion_builder_column_1_5 1_5 fusion-flex-column fusion-flex-align-self-stretch\" style=\"--awb-bg-size:cover;--awb-width-large:20%;--awb-margin-top-large:0px;--awb-spacing-right-large:9.6%;--awb-margin-bottom-large:20px;--awb-spacing-left-large:9.6%;--awb-width-medium:100%;--awb-order-medium:0;--awb-spacing-right-medium:1.92%;--awb-spacing-left-medium:1.92%;--awb-width-small:100%;--awb-order-small:0;--awb-spacing-right-small:1.92%;--awb-spacing-left-small:1.92%;\"><div class=\"fusion-column-wrapper fusion-column-has-shadow fusion-flex-justify-content-space-evenly fusion-content-layout-column\"><\/div><\/div><\/div><\/div><\/p>\n","protected":false},"excerpt":{"rendered":"","protected":false},"author":2,"featured_media":0,"parent":10785,"menu_order":0,"comment_status":"closed","ping_status":"closed","template":"100-width.php","meta":{"footnotes":""},"class_list":["post-10787","page","type-page","status-publish","hentry"],"_links":{"self":[{"href":"https:\/\/ifvcns.rs\/climate-crops\/wp-json\/wp\/v2\/pages\/10787","targetHints":{"allow":["GET"]}}],"collection":[{"href":"https:\/\/ifvcns.rs\/climate-crops\/wp-json\/wp\/v2\/pages"}],"about":[{"href":"https:\/\/ifvcns.rs\/climate-crops\/wp-json\/wp\/v2\/types\/page"}],"author":[{"embeddable":true,"href":"https:\/\/ifvcns.rs\/climate-crops\/wp-json\/wp\/v2\/users\/2"}],"replies":[{"embeddable":true,"href":"https:\/\/ifvcns.rs\/climate-crops\/wp-json\/wp\/v2\/comments?post=10787"}],"version-history":[{"count":6,"href":"https:\/\/ifvcns.rs\/climate-crops\/wp-json\/wp\/v2\/pages\/10787\/revisions"}],"predecessor-version":[{"id":14343,"href":"https:\/\/ifvcns.rs\/climate-crops\/wp-json\/wp\/v2\/pages\/10787\/revisions\/14343"}],"up":[{"embeddable":true,"href":"https:\/\/ifvcns.rs\/climate-crops\/wp-json\/wp\/v2\/pages\/10785"}],"wp:attachment":[{"href":"https:\/\/ifvcns.rs\/climate-crops\/wp-json\/wp\/v2\/media?parent=10787"}],"curies":[{"name":"wp","href":"https:\/\/api.w.org\/{rel}","templated":true}]}}